.
3, 5, 5171
What are the prime factors of 1583436?
2, 3, 127, 1039
What are the prime factors of 4338932?
2, 13, 181, 461
List the prime factors of 2684459.
743, 3613
What are the prime factors of 454491?
3, 31, 181
What are the prime factors of 1981049?
7, 283007
List the prime factors of 2257364.
2, 67, 8423
What are the prime factors of 1713474?
2, 3, 7, 1511
List the prime factors of 1176491.
89, 13219
What are the prime factors of 1613180?
2, 5, 79, 1021
What are the prime factors of 3426027?
3, 11, 17, 31, 197
What are the prime factors of 335945?
5, 67189
List the prime factors of 2798977.
751, 3727
What are the prime factors of 1386216?
2, 3, 13, 1481
List the prime factors of 1829203.
1829203
List the prime factors of 435940.
2, 5, 71, 307
What are the prime factors of 1029661?
107, 9623
What are the prime factors of 100056?
2, 3, 11, 379
What are the prime factors of 21469528?
2, 1453, 1847
What are the prime factors of 1546047?
3, 19087
What are the prime factors of 1759354?
2, 137, 6421
What are the prime factors of 1375771?
19, 37, 103
What are the prime factors of 212341?
59, 61
List the prime factors of 24889260.
2, 3, 5, 11, 43, 877
What are the prime factors of 644280?
2, 3, 5, 7, 13, 59
What are the prime factors of 56169?
3, 79
List the prime factors of 9941684.
2, 2485421
What are the prime factors of 20564?
2, 53, 97
List the prime factors of 19199878.
2, 9599939
What are the prime factors of 26005169?
26005169
List the prime factors of 3224918.
2, 1249, 1291
What are the prime factors of 328691?
11, 29881
List the prime factors of 6491007.
3, 721223
What are the prime factors of 47310?
2, 3, 5, 19, 83
What are the prime factors of 29709599?
29709599
List the prime factors of 15111052.
2, 11, 343433
List the prime factors of 399204.
2, 3, 13, 853
List the prime factors of 368762.
2, 47, 3923
List the prime factors of 945261.
3, 127, 827
What are the prime factors of 745252?
2, 211, 883
What are the prime factors of 49686?
2, 3, 7, 13
List the prime factors of 181932.
2, 3, 15161
What are the prime factors of 7599358?
2, 13, 292283
List the prime factors of 2961536.
2, 17, 1361
List the prime factors of 1702560.
2, 3, 5, 3547
List the prime factors of 379194.
2, 3, 63199
What are the prime factors of 1467682?
2, 733841
List the prime factors of 3253668.
2, 3, 11, 157
What are the prime factors of 1463528?
2, 11, 16631
What are the prime factors of 6174110?
2, 5, 617411
List the prime factors of 1029869.
173, 5953
What are the prime factors of 1979456?
2, 157, 197
List the prime factors of 645466.
2, 73, 4421
List the prime factors of 1354385.
5, 37, 7321
What are the prime factors of 504367?
23, 21929
List the prime factors of 4678238.
2, 2339119
List the prime factors of 11412253.
17, 281, 2389
List the prime factors of 421977.
3, 140659
List the prime factors of 1244460.
2, 3, 5, 7, 2963
List the prime factors of 6012846.
2, 3, 7, 15907
List the prime factors of 10764430.
2, 5, 1076443
List the prime factors of 918505.
5, 7, 23, 163
List the prime factors of 327365.
5, 233, 281
What are the prime factors of 24346887?
3, 73, 107, 1039
What are the prime factors of 16747014?
2, 3, 37, 75437
What are the prime factors of 11420630?
2, 5, 13, 59, 1489
List the prime factors of 4586945.
5, 11, 83399
What are the prime factors of 3252283?
3252283
What are the prime factors of 13221532?
2, 1439, 2297
What are the prime factors of 2611449?
3, 290161
What are the prime factors of 292364?
2, 73091
What are the prime factors of 509004?
2, 3, 1571
What are the prime factors of 262638?
2, 3, 14591
What are the prime factors of 55947?
3, 17, 1097
What are the prime factors of 175792?
2, 10987
List the prime factors of 2946015.
3, 5, 17, 3851
What are the prime factors of 21075684?
2, 3, 7, 73, 491
What are the prime factors of 459941?
131, 3511
What are the prime factors of 286772?
2, 71693
What are the prime factors of 387330?
2, 3, 5, 12911
List the prime factors of 1179831.
3, 23, 17099
What are the prime factors of 40155?
3, 5, 2677
What are the prime factors of 316166?
2, 17, 547
List the prime factors of 12139928.
2, 197, 7703
What are the prime factors of 4777359?
3, 127, 12539
List the prime factors of 476708.
2, 37, 3221
List the prime factors of 105880.
2, 5, 2647
List the prime factors of 160005.
3, 5, 10667
List the prime factors of 348306.
2, 3, 7, 8293
List the prime factors of 10831347.
3, 401161
List the prime factors of 1433138.
2, 7, 102367
What are the prime factors of 10844913?
3, 53, 68207
What are the prime factors of 332755?
5, 61, 1091
List the prime factors of 20240.
2, 5, 11, 23
List the prime factors of 104927.
317, 331
What are the prime factors of 1236413?
443, 2791
List the prime factors of 8380649.
8380649
List the prime factors of 5386734.
2, 3, 101, 2963
List the prime factors of 22796526.
2, 3, 137, 27733
What are the prime factors of 853292?
2, 11, 41, 43
What are the prime factors of 469000?
2, 5, 7, 67
List the prime factors of 12532830.
2, 3, 5, 113, 3697
List the prime factors of 560528.
2, 53, 661
What are the prime factors of 15552?
2, 3
What are the prime factors of 803711?
509, 1579
What are the prime factors of 469230?
2, 3, 5, 15641
What are the prime factors of 2747283?
3, 7, 11, 1699
What are the prime factors of 3216887?
3216887
List the prime factors of 573880.
2, 5, 14347
List the prime factors of 389411.
11, 35401
What are the prime factors of 1879148?
2, 469787
What are the prime factors of 7467698?
2, 7, 181, 421
List the prime factors of 967369.
13, 74413
What are the prime factors of 14030027?
11, 1275457
What are the prime factors of 7718950?
2, 5, 317, 487
List the prime factors of 2141511.
3, 31, 23027
What are the prime factors of 754316?
2, 188579
What are the prime factors of 526008?
2, 3, 7, 31, 101
What are the prime factors of 1023409?
1023409
List the prime factors of 248141.
248141
List the prime factors of 450255.
3, 5, 13, 2309
What are the prime factors of 5630849?
7, 61, 13187
What are the prime factors of 1231717?
29, 42473
What are the prime factors of 4783852?
2, 613, 1951
List the prime factors of 2332438.
2, 1166219
What are the prime factors of 13855912?
2, 7, 181, 1367
List the prime factors of 1376716.
2, 11, 67, 467
What are the prime factors of 34123119?
3, 673, 16901
What are the prime factors of 138952?
2, 11, 1579
What are the prime factors of 1031342?
2, 13, 39667
List the prime factors of 25392159.
3, 13, 217027
List the prime factors of 382420.
2, 5, 19121
What are the prime factors of 22747326?
2, 3, 7, 17, 31859
List the prime factors of 18780074.
2, 9390037
What are the prime factors of 1571908?
2, 13, 19, 37, 43
List the prime factors of 985174.
2, 492587
List the prime factors of 5824.
2, 7, 13
What are the prime factors of 8741634?
2, 3, 11, 19, 6971
What are the prime factors of 117134?
2, 58567
What are the prime factors of 159647?
17, 9391
List the prime factors of 14563381.
7, 109, 19087
List the prime factors of 3154265.
5, 17, 43, 863
List the prime factors of 1372697.
659, 2083
List the prime factors of 36839.
11, 17, 197
List the prime factors of 152222.
2, 7, 83, 131
List the prime factors of 832767.
3, 13, 131, 163
What are the prime factors of 2717747?
353, 7699
List the prime factors of 2059673.
7, 11, 23, 1163
List the prime factors of 1189659.
3, 541, 733
List the prime factors of 2379530.
2, 5, 149, 1597
List the prime factors of 496260.
2, 3, 5, 919
What are the prime factors of 14990575?
5, 599623
List the prime factors of 10463842.
2, 1307, 4003
What are the prime factors of 7001592?
2, 3, 13, 22441
What are the prime factors of 5030646?
2, 3, 838441
List the prime factors of 61981.
61981
List the prime factors of 1278874.
2, 31, 20627
What are the prime factors of 1453338?
2, 3, 263, 307
What are the prime factors of 104322?
2, 3, 17387
List the prime factors of 15718834.
2, 439, 17903
What are the prime factors of 12843593?
7, 1834799
List the prime factors of 10889663.
10889663
What are the prime factors of 273000?
2, 3, 5, 7, 13
List the prime factors of 971764.
2, 83, 2927
What are the prime factors of 4285?
5, 857
List the prime factors of 5936494.
2, 43, 69029
What are the prime factors of 87139?
13, 6703
What are t